+ 133 = 5*o. Let f = n + -26. Calculate the remainder when 32 is divided by f.
10
Let t be 22/4 + 1/(-2). Suppose 0 = t*a - 2*a - 141. Suppose 2*s - 9 = 23. Calculate the remainder when a is divided by s.
15
Let q(s) = -12*s - 1. Let c(l) = -12*l - 1. Let w(k) = 3*c(k) - 4*q(k). Calculate the remainder when w(2) is divided by 13.
12
Suppose -t - 4*t = -5*u - 20, -4*t = -5*u - 11. Calculate the remainder when 34 is divided by t.
7
Suppose 3*p - p - 6 = 0. Suppose -12 = -x + 4*b, 0 = -p*x - 0*b + 3*b + 63. What is the remainder when x is divided by 13?
11
Suppose 2*m + 3*h + 22 = 0, 4*h = -m - 4*m - 48. Let l = m - -18. Calculate the remainder when 39 is divided by l.
9
Let t(l) be the third derivative of -l**4/24 + l**3/3 - 2*l**2. What is the remainder when 42 is divided by t(-9)?
9
Let r be (32/12)/(4/6). Suppose z + 54 = 5*y, -2*y = -0*y - r*z - 36. Calculate the remainder when 28 is divided by y.
8
Let d = 11 - -12. Let z = -84 - -129. What is the remainder when z is divided by d?
22
Suppose 5*u + 44 + 26 = 0. Let h = 32 + u. What is the remainder when 52 is divided by h?
16
Let g = -221 - -394. Calculate the remainder when g is divided by 22.
19
Let r(x) = -x**3 + 11*x**2 - 12*x - 7. Let d be r(9). Suppose d - 7 = -5*k. What is the remainder when 5*1 - k/(-4) is divided by 3?
0
Suppose 4*f + 0*v - v - 979 = 0, 0 = -2*v + 2. Calculate the remainder when f is divided by 62.
59
Let f(m) = -m**3 + 5*m**2 - 3*m + 4. What is the remainder when 36 is divided by f(3)?
10
Suppose -d + 5*d = -5*q + 13, 4*q - 14 = -5*d. Let k(l) = 42*l**2 - 1. What is the remainder when k(q) is divided by 14?
13
Let o(t) be the second derivative of 0 - 2*t + 1/3*t**3 - 9/2*t**2. Calculate the remainder when 9 is divided by o(7).
4
Let v(a) = 24*a - 2. Suppose -2*y + 72 = y. What is the remainder when v(2) is divided by y?
22
Calculate the remainder when (-1)/(-5) + 531/45 is divided by 7.
5
Let p be ((-21)/(-12))/(1/4). Suppose -3*f + 2*f = -p. What is the remainder when f is divided by ((-6)/(-5))/((-3)/(-10))?
3
Let i = 286 - 121. Suppose -x - i = -6*x. Let u = 47 - 30. Calculate the remainder when x is divided by u.
16
Let q(n) = n + 2. Calculate the remainder when 22 is divided by q(6).
6
Let z = -10 - 27. Let c = 67 - 11. Let m = c + z. Calculate the remainder when m is divided by 7.
5
Let u(b) = -b**2 + 6*b + 1. Suppose d - 6*d = -5*r - 20, -5*r - 8 = d. Let w(c) = 4*c**3 - c**2 + 1. Calculate the remainder when w(d) is divided by u(3).
9
Let y = 0 + -1. Calculate the remainder when (-43)/y - (0 - 1) is divided by 15.
14
Suppose -57 = -n - 8*x + 4*x, -2*n + 3*x + 147 = 0. What is the remainder when n is divided by 36?
33
Let m(w) be the second derivative of w**3/6 - 5*w**2/2 + w. Let f be m(7). What is the remainder when f*(15/6 - 2) is divided by 1?
0
What is the remainder when ((-54)/8)/(15/(-40)) is divided by 7?
4
Let p(q) = -q**2 + q + 4. Let i(j) = 16*j**3 - j + 1. Let s be i(1). Let z = 23 - s. What is the remainder when z is divided by p(0)?
3
Let n = 209 + -128. What is the remainder when (-1)/(0 - 3/n) is divided by 7?
6
Let u(c) = c**2 + 2*c - 3. Let a be u(2). Suppose 0*i = -a*i + 70. What is the remainder when 39 is divided by i?
11
Suppose 3*f = 3*o + 4*f - 9, 2*f = 4*o - 2. Let x be ((-7 + -2)*o)/(-1). Suppose -5*s - x = -88. What is the remainder when s is divided by 5?
4
Suppose w - 3*w - v + 51 = 0, -4*w + 5*v + 67 = 0. Let h(k) = k + 69. Let l be h(0). Suppose -5*m - 9 = -l. What is the remainder when w is divided by m?
11
Suppose 3*h + 16 = -3*k + 121, 3*k = 9. What is the remainder when 63 is divided by h?
31
Suppose l = -0*l + 7. What is the remainder when l is divided by 4?
3
Suppose -25*w = -21*w - 80. Let k = 228 + -38. Suppose j + 4*j - k = 0. Calculate the remainder when j is divided by w.
18
Suppose 2*d + 78 = 3*t + 7*d, -4*t + 104 = 4*d. What is the remainder when t is divided by (-84)/(-10) - (4 + (-115)/25)?
8
Let q(i) = i**3 - i**2 + i + 146. Let z be q(0). Let p = -17 + z. Calculate the remainder when p is divided by 33.
30
Let b = 14 + -9. Calculate the remainder when 2*(-11)/(-2) - 2 is divided by b.
4
Let n = 15 - 10. Suppose -4*v - 4*h + 175 = 63, n*h + 157 = 4*v. Calculate the remainder when v is divided by 18.
15
What is the remainder when (1/2)/((-3)/(-138)) is divided by 6?
5
Let y = 49 + -1. Let m = y + -19. What is the remainder when m is divided by 16?
13
Let b(n) = -n**2 + 26*n - 12. Calculate the remainder when b(24) is divided by 13.
10
Let u(i) = 3*i**2 + 2*i - 4. Let c = -7 + 4. Calculate the remainder when u(c) is divided by 10.
7
Suppose r + 38 = 3*r. What is the remainder when 37 is divided by r?
18
Suppose l - 13 - 5 = 0. Calculate the remainder when l is divided by (3 + -1)*(-3 + 5).
2
Suppose 4*a = -2 + 30. Let n = a - 11. Let s = n - -8. Calculate the remainder when 14 is divided by s.
2
What is the remainder when 97 is divided by -4 - ((-30)/(-1))/(-2)?
9
Let v(a) = a**3 + 6*a**2 + 3*a + 4. Let s be ((-5)/15)/(2/18). Calculate the remainder when v(s) is divided by 12.
10
Suppose 5*h + 10 = -s, -8*s + 3*s = -h - 80. What is the remainder when 59 is divided by s?
14
Let h = -2 - -31. Calculate the remainder when h is divided by 15.
14
Suppose -r + 85 = 2*o + 1, -o = r - 44. Calculate the remainder when o is divided by 21.
19
Let n(j) = j**2 - 3*j - 1. What is the remainder when 53 is divided by n(5)?
8
Suppose -3*l + 34 = -5*o - 7, -36 = -2*l - o. Calculate the remainder when 65 is divided by l.
14
Let d = 105 - 195. What is the remainder when d/(-4)*(-48)/(-10) is divided by 37?
34
Let j(g) = 2*g**3 - 7*g**2 + 7*g - 5. Calculate the remainder when j(4) is divided by 8.
7
Let x = -15 - -30. Calculate the remainder when 44 is divided by x.
14
Let v be (-19)/(-2 + 92/48). Suppose 2*i + 4 = 0, 2*o - 5*o + 3*i = -v. Calculate the remainder when o is divided by 25.
24
Suppose 244 = 24*d - 20*d. Calculate the remainder when d is divided by 23.
15
Let d = 36 + -20. Calculate the remainder when 45 is divided by d.
13
Suppose 5*x + 3*x - 440 = 0. What is the remainder when x is divided by 28?
27
Suppose -4*z + 15 = -17. Calculate the remainder when 21 is divided by z.
5
Let a(p) = p**2 - 4*p. What is the remainder when a(8) is divided by 11?
10
Suppose 3*a + 2*r - 142 = 0, 5*a + 5*r = 2*a + 139. Calculate the remainder when a is divided by 17.
14
Let f = 18 + -22. Calculate the remainder when 35 is divided by f/12 + (-28)/(-3).
8
Let t(u) = u**3 - 13*u**2 - 2*u + 31. Calculate the remainder when 8 is divided by t(13).
3
Let q(s) = 3*s**2 + 3*s. Let d be q(-4). Let m = d + -19. What is the remainder when m is divided by 5?
2
Let x(o) = -o**3 - o**2 + 5*o + 4. What is the remainder when x(-4) is divided by 12?
8
Let h = 40 - 25. Suppose 3*q - h = -n, 4*q + 4*n - 16 = 3*q. Calculate the remainder when 11 is divided by q.
3
Calculate the remainder when ((-105)/(4 - -1))/((-6)/4) is divided by 4.
2
Let c be (-2)/9 + 168/27. What is the remainder when ((-15)/c - 3)*-4 is divided by 12?
10
Let q be 2/5 + 10/(-25). Let o(s) = 1 - 5 + 4*s + q. Calculate the remainder when o(5) is divided by 9.
7
What is the remainder when (-9)/3 + (-4)/2*-11 is divided by 5?
4
Calculate the remainder when (-24)/(-10)*60/9 is divided by 6.
4
Suppose -2*p = 5*z - 7*p - 35, z = 5*p + 19. Suppose -z*r + 7*r = 33. What is the remainder when 53 is divided by r?
9
Suppose -3*w + 36 = -w. Calculate the remainder when w is divided by 1/(-1) + 1*11.
8
Let m = 13 - 3. Let a be 2 + -2 - (-33)/3. Suppose -3*b + a = -46. Calculate the remainder when b is divided by m.
9
Suppose -5*u - 29 = -134. Calculate the remainder when u is divided by 11.
10
Let l = -68 - -95. What is the remainder when 50 is divided by l?
23
Suppose 0 = -3*h - 6, -5*g - 2*h + 110 - 29 = 0. Let y = -4 + g. What is the remainder when y is divided by 8?
5
Suppose 2*i - 1 = 9. Suppose 109 = 3*d - v, -3*d + i*v + 55 = -34. Suppose -3*x + d = -y, 1 = 3*y - 11. Calculate the remainder when 41 is divided by x.
13
Suppose 22 = 2*m + 2*l, 0 = -5*m - 5*l + 2*l + 59. Calculate the remainder when 24 is divided by m.
11
Let c = 38 - 33. Calculate the remainder when 6 is divided by c.
1
Suppose 8*b = 5*b + 15. Suppose -40 = -b*n + 35. Calculate the remainder when 26 is divided by n.
11
Suppos